der when b is divided by q.
8
Let m = -253 - -464. Let a = m - 195. Calculate the remainder when 77 is divided by a.
13
Let b = 16 - 7. Let j(v) = 2*v**3 + 190*v**2 + 360*v - 1018. Calculate the remainder when j(-93) is divided by b.
8
Suppose -2240 = -29*d - 6*d. Let u(o) = 3*o**2 - 5*o - 3. Let b be u(-4). Suppose d*q = b*q - 86. What is the remainder when q is divided by 31?
24
Suppose 11 = 10*p - 39. Suppose 2*q - 4*l = -q - 4, 0 = -p*q - l + 24. What is the remainder when 3*(-35)/(-20) - 3/(-4) is divided by q?
2
Suppose -8*x - 4*u + 4 = -5*x, 4*x = u - 1. Suppose 3*l + k = 19, 0 = -2*k - x - 10. Calculate the remainder when l is divided by 5.
3
Let g be (-24)/252 + 65/21. Suppose g*r - 79 - 40 = -5*h, 2*h = -2*r + 86. Calculate the remainder when 181 is divided by r.
37
Let b = 384 - 350. Suppose q = i + 14, 4*q = 2*i + b + 30. Calculate the remainder when 249 is divided by q.
15
Let o = 54 - 39. Let x be (-2*8)/(-4) - 70. Let t = 123 + x. What is the remainder when t is divided by o?
12
Let u = 520 + -319. Let n = -190 + u. What is the remainder when 31 is divided by n?
9
Let p(t) = 6*t**2 + 16*t + 49. Let h be p(-3). Suppose h*g - 65*g + 1650 = 0. Calculate the remainder when g is divided by 58.
49
Let z(b) = b**3 - 5*b**2 - 11*b - 17. Let j be z(7). Suppose -5*c - 374 = -j*a, -3*a = -c + 3*c - 269. Calculate the remainder when a is divided by 46.
45
Let j = -4603 + 4826. Suppose 100 = 4*o - 0*o. What is the remainder when j is divided by o?
23
Let q = -895 + 958. Suppose 0*l = 3*l + 123. Let k = l + q. Calculate the remainder when 84 is divided by k.
18
Calculate the remainder when 841 is divided by 1295/(-30)*-6 - -6.
46
Let t(q) = 4*q**3 - 149*q**2 + 39*q - 20. Calculate the remainder when 240 is divided by t(37).
24
Suppose -5*q - 27 + 97 = 0. Let f = q - 3. Let d = -367 - -371. Calculate the remainder when f is divided by d.
3
Let v(u) = 426*u**2 - 10*u + 3. Let n = 381 + -380. Calculate the remainder when v(n) is divided by 84.
83
Let u = -684 - -1500. Let k = u - 195. Calculate the remainder when k is divided by 16.
13
Let d = 57 + -53. Suppose d*w - 1 = 55. What is the remainder when 110 is divided by w?
12
Let i(g) = -179*g - 2. Let y(b) = -b**2 - 28*b + 90. What is the remainder when i(-1) is divided by y(-30)?
27
Let x = -10052 + 10263. Calculate the remainder when 7806 is divided by x.
210
Let i be (-2)/7 - (-5184)/(-84). Let b = i - -73. What is the remainder when 40 - (-1 - 0)*1 is divided by b?
8
Suppose 59*l - 80 = -2*h + 60*l, 0 = 3*l + 18. Calculate the remainder when 1805 is divided by h.
29
Let l(g) = -187*g - 1. Let u be l(-1). Suppose -2*a = -4*f - 126, -3*a - 5*f + u = 41. Let n = -18161 + 18173. Calculate the remainder when a is divided by n.
7
Let n(k) = -129*k - 474. Calculate the remainder when 8858 is divided by n(-4).
38
Let k = -4540 - -4602. What is the remainder when 298 is divided by k?
50
Let i = 0 + -196. Suppose -j = -n - 5*j + 30, -30 = -n + 5*j. Calculate the remainder when n is divided by (-8)/(-12) - (i/3)/4.
13
Let t(r) = -r**2 + 48*r - 394. What is the remainder when 708 is divided by t(15)?
1
Let c = -11952 + 11972. Calculate the remainder when 958 is divided by c.
18
Let v(f) = -32*f + 130. Let d be v(-19). Let t = d + -686. What is the remainder when t is divided by 18?
16
Let d = 224 + -199. Let w(m) = m**2 - 7*m + 8. Let u be w(6). What is the remainder when u + 1 - 15*-3 is divided by d?
23
Let y be (11 - 1) + -4 - -4. Suppose 2*c = -3*c - y. What is the remainder when 49 is divided by 126/10 + c/(-5)?
10
Suppose -5*t + 3*m + 1964 = 0, -2*t - 236*m + 794 = -240*m. What is the remainder when 1194 is divided by t?
21
Suppose 2*s - 37 = -5. Let a = -420 + 1187. Suppose 37*v = 24*v + a. What is the remainder when v is divided by s?
11
Suppose -2*h - 2*u = -40, 4*h - 100 = -h - u. Let w = -13 - -31. Suppose 5*y = 2*f - w, 5*f + 2*y - 8 = 8. What is the remainder when h is divided by f?
0
Let s(p) = -75*p + 320. Let r be s(4). Let f = 4 + 0. Suppose -f*l = -2*h - h - 80, -r = -l + h. Calculate the remainder when 55 is divided by l.
15
Let i = 16537 - 11950. What is the remainder when i is divided by 269?
14
Suppose -11 = -4*c + 1, 0 = -3*m - 3*c + 54. Suppose -124042 = 121*w - 339*w. Calculate the remainder when w is divided by m.
14
Let b = 75 - 48. Let r = -48 + 3. Let h = 59 + r. Calculate the remainder when b is divided by h.
13
Let o = 267 - 202. Suppose 0 = u - v - o, 130 = 2*u - 3*v + 5. Calculate the remainder when u is divided by 23.
1
Let g(u) = -12*u**2 + 149*u - 2. Let k(x) = 6*x**2 - 151*x + 3. Let y(h) = -7*g(h) - 6*k(h). Let v = -2 - -8. Calculate the remainder when y(3) is divided by v.
5
Let i(d) = 22*d**2 + 80*d + 18. What is the remainder when 947 is divided by i(-4)?
47
Suppose 44*w - 905 = -377. Calculate the remainder when 20552 is divided by w.
8
What is the remainder when (-5 + 47)*103 + (-33 - -37) is divided by 310?
300
Calculate the remainder when -12*75352/(-26) + 2*(-4)/(-52) is divided by 235.
233
Suppose -2*s - 3*f = -2032, 29*s - 4086 = 25*s + 5*f. Calculate the remainder when s is divided by 95.
69
Suppose 31415 = 59*o + 162*o - 2840. What is the remainder when 210 is divided by o?
55
Let t be ((-2)/4)/(4/(-120)). Suppose 0 = -t*h + 18*h + 3, -2*i + 5*h = -35. Calculate the remainder when 71 is divided by i.
11
Suppose 36 = 2*f - a, 2*f + 4*a - 10 - 36 = 0. Let u(b) = -b**2 + 51. Let c be u(0). Let w = c + -35. Calculate the remainder when f is divided by w.
3
Let x(w) = -17*w**3 - 3*w**2 - 138*w - 271. What is the remainder when 866 is divided by x(-2)?
92
Let k(p) = p**2 + 106*p + 834. Calculate the remainder when k(-111) is divided by 22.
3
Let x(j) = -125*j + 820. Calculate the remainder when x(-4) is divided by 21.
18
Calculate the remainder when -5 + ((-580)/60)/((-1)/117) is divided by 62.
10
What is the remainder when 2267 is divided by (-3)/(-45) + (-30 - 19100/(-375))?
20
Let l = 93 - -32. Suppose 0 = 128*j - l*j - 45. Calculate the remainder when 118 is divided by j.
13
Suppose -24*d + 132*d = 26568. Calculate the remainder when d is divided by 98.
50
Suppose 52*v + 2478 = 120*v - 27850. What is the remainder when 736 is divided by v?
290
Let c(r) = 3*r + 80. Let w(z) = -z**3 + 8*z**2 - 5*z - 5. Suppose 2*d - 6 = 8. What is the remainder when c(-15) is divided by w(d)?
8
Suppose -2*s + 13 = -65. Suppose 43*f = s*f + 28. Calculate the remainder when 33 is divided by f.
5
Calculate the remainder when (-21)/2*(-108)/21 is divided by (-56)/(-6) + (-20)/(-30).
4
Suppose 0*f + 4*r = 4*f + 464, -3*f = -4*r + 351. Let g = -108 - f. Suppose 2*y = 2*d + 18, 0*y + 3 = 2*y + d. Calculate the remainder when g is divided by y.
1
Let r be ((-90)/3)/(6/8). Let t be 6/(15/r + 0). Let v = 54 + t. Calculate the remainder when 74 is divided by v.
36
Let i(v) = -v**3 - 4*v**2 - 2*v - 20. Let w be i(-5). Suppose -260 = -w*c + 2*c. Calculate the remainder when 171 is divided by c.
11
Suppose 5*h + 4*w - 2498 = 0, -782 = -2*h + w + 225. Calculate the remainder when h is divided by 150.
52
Let a = 8598 + -8578. Calculate the remainder when 833 is divided by a.
13
Suppose 0 = -2*y + 58 + 4. Let r = -68 + 46. Let d = y + r. Calculate the remainder when 10 is divided by d.
1
Let g = 811 + -779. Suppose 0 = -4*q + g + 516. Calculate the remainder when q is divided by 4.
1
Suppose 16247 - 6055 = 196*f. What is the remainder when 16533 is divided by f?
49
Let m = 132 - 111. Suppose 22*t - m*t = 20. Suppose 5*f = z - 2*z + 89, -5*f + 485 = 5*z. What is the remainder when z is divided by t?
19
Suppose -7*o + 35 = 0, 5*j - 3*o + 37231 = 7*j. What is the remainder when j is divided by 37?
34
Let g = -2094 + 2118. Suppose q = -3*q + 180. What is the remainder when q is divided by g?
21
Let s(k) = k**3 + 10*k**2 + 10*k + 6. What is the remainder when 427 is divided by s(-2)?
13
Let s = -2214 - -2285. Calculate the remainder when 466 is divided by s.
40
Let n(p) = -2*p**3 - 2*p**2 + 2*p - 30. Let g be n(-6). Suppose 11*q - g = 34. Calculate the remainder when 157 is divided by q.
29
Let g(t) = -2*t**2 + 64*t + 496. What is the remainder when g(37) is divided by 19?
12
Let a(w) = -121*w**3 + 8*w + 7. What is the remainder when a(-1) is divided by 44?
32
Suppose -44 = -6*d - 16*d. Supp